s digit of 203739449?
9
What is the ten millions digit of 765270110?
6
What is the ten thousands digit of 2160460?
6
What is the tens digit of 4579480638?
3
What is the millions digit of 24189825?
4
What is the thousands digit of 1748200463?
0
What is the hundreds digit of 18631409?
4
What is the billions digit of 3701243731?
3
What is the hundreds digit of 6167460?
4
What is the hundred thousands digit of 26714761?
7
What is the hundreds digit of 4321602833?
8
What is the ten thousands digit of 685413042?
1
What is the ten thousands digit of 7934551?
3
What is the hundred millions digit of 956627039?
9
What is the ten millions digit of 58313251?
5
What is the thousands digit of 1936471083?
1
What is the hundred thousands digit of 1314518217?
5
What is the hundred thousands digit of 147811221?
8
What is the thousands digit of 26164227?
4
What is the billions digit of 3686472824?
3
What is the hundred thousands digit of 53225920?
2
What is the tens digit of 59377845?
4
What is the hundred thousands digit of 1671949815?
9
What is the units digit of 4360117?
7
What is the hundred thousands digit of 103802700?
8
What is the hundred thousands digit of 20696551?
6
What is the ten thousands digit of 49008029?
0
What is the units digit of 73151130?
0
What is the billions digit of 2631343694?
2
What is the thousands digit of 1647610132?
0
What is the hundred thousands digit of 20263334?
2
What is the units digit of 72520536?
6
What is the hundred thousands digit of 152960874?
9
What is the millions digit of 1402252674?
2
What is the hundreds digit of 87307745?
7
What is the thousands digit of 1694382733?
2
What is the units digit of 3012237258?
8
What is the hundreds digit of 341160990?
9
What is the hundreds digit of 72435384?
3
What is the thousands digit of 25848620?
8
What is the billions digit of 1730507279?
1
What is the tens digit of 92115596?
9
What is the tens digit of 434851012?
1
What is the hundred millions digit of 610904181?
6
What is the hundred millions digit of 469460198?
4
What is the ten millions digit of 14698860?
1
What is the hundreds digit of 91678389?
3
What is the ten millions digit of 278715865?
7
What is the hundreds digit of 855906684?
6
What is the tens digit of 578814430?
3
What is the ten thousands digit of 1766752979?
5
What is the billions digit of 4846957757?
4
What is the units digit of 1654133068?
8
What is the tens digit of 278549339?
3
What is the ten millions digit of 18853139?
1
What is the hundred millions digit of 2904458677?
9
What is the thousands digit of 149308132?
8
What is the hundred millions digit of 3015184067?
0
What is the ten thousands digit of 135418085?
1
What is the ten millions digit of 80137496?
8
What is the tens digit of 651676590?
9
What is the ten millions digit of 50144176?
5
What is the ten thousands digit of 96566535?
6
What is the thousands digit of 5709287?
9
What is the hundreds digit of 175513344?
3
What is the ten thousands digit of 33920453?
2
What is the ten millions digit of 134836311?
3
What is the ten thousands digit of 360804412?
0
What is the thousands digit of 126667315?
7
What is the hundreds digit of 221190545?
5
What is the ten thousands digit of 34788339?
8
What is the millions digit of 101898986?
1
What is the hundred thousands digit of 120972282?
9
What is the tens digit of 2934594621?
2
What is the ten thousands digit of 255709126?
0
What is the hundreds digit of 3314109785?
7
What is the tens digit of 2254379072?
7
What is the hundreds digit of 797774392?
3
What is the hundreds digit of 1829189496?
4
What is the hundred thousands digit of 46416459?
4
What is the ten millions digit of 1075565101?
7
What is the thousands digit of 322169?
2
What is the hundred thousands digit of 788022368?
0
What is the thousands digit of 165594107?
4
What is the millions digit of 116144227?
6
What is the hundreds digit of 268036484?
4
What is the tens digit of 11871550?
5
What is the ten thousands digit of 2670264153?
6
What is the hundred millions digit of 475133454?
4
What is the millions digit of 41394722?
1
What is the millions digit of 4344735662?
4
What is the thousands digit of 18864071?
4
What is the tens digit of 12699479?
7
What is the ten thousands digit of 35242277?
4
What is the thousands digit of 82351284?
1
What is the hundreds digit of 185824550?
5
What is the ten millions digit of 1179273377?
7
What is the ten millions digit of 113084292?
1
What is the hundred thousands digit of 24147936?
1
What is the tens digit of 4206483992?
9
What is the hundred thousands digit of 983901369?
9
What is the units digit of 51660201?
1
What is the ten thousands digit of 123895282?
9
What is the hundreds digit of 255687692?
6
What is the ten millions digit of 187194909?
8
What is the ten millions digit of 80629944?
8
What is the thousands digit of 3054724228?
4
What is the hundreds digit of 395509036?
0
What is the hundred thousands digit of 61868937?
8
What is the hundred thousands digit of 1019434?
0
What is the ten millions digit of 1578099216?
7
What is the millions digit of 990203367?
0
What is the millions digit of 1211450579?
1
What is the units digit of 398500384?
4
What is the hundred millions digit of 113615191?
1
What is the ten millions digit of 106613601?
0
What is the units digit of 130882652?
2
What is the thousands digit of 758613484?
3
What is the hundreds digit of 18348615?
6
What is the hundred millions digit of 2737477080?
7
What is the millions digit of 3661281808?
1
What is the ten millions digit of 192224412?
9
What is the hundred millions digit of 347657908?
3
What is the ten thousands digit of 9339383?
3
What is the hundred thousands digit of 3910704771?
7
What is the ten thousands digit of 101847470?
4
What is the hundred thousands digit of 72461975?
4
What is the thousands digit of 643506696?
6
What is the ten thousands digit of 1089919387?
1
What is the hundred thousands digit of 1004276124?
2
What is the tens digit of 4013143017?
1
What is the hundred thousands digit of 4629739323?
7
What is the ten millions digit of 14947029?
1
What is the hundreds digit of 93996738?
7
What is the billions digit of 1472537349?
1
What is the millions digit of 73566646?
3
What is the millions digit of 3381476491?
1
What is the hundred millions digit of 1926666104?
9
What is the billions digit of 2291507075?
2
What is the ten thousands digit of 331893854?
9
What is the tens digit of 57508159?
5
What is the hundred millions digit of 1615444645?
6
What is the hundred thousands digit of 3069759135?
7
What is the ten thousands digit of 1614658439?
5
What is the hundreds digit of 5956524577?
5
What is the ten thousands digit of 2532001873?
0
What is the hundreds digit of 394375007?
0
What is the units digit of 688641060?
0
What is the ten thousands digit of 471710881?
1
What is the thousands digit of 169518011?
8
What is the thousands digit of 15910618?
0
What is the hundreds digit of 84561006?
0
What is the tens digit of 59986665?
6
What is the thousands digit of 601687945?
7
What is the hundred millions digit of 4836046246?
8
What is the ten thousands digit of 2121296345?
9
What is the ten millions digit of 7025020549?
2
What is the ten thousands digit of 17939963?
3
What is the millions digit of 82939807?
2
What is the hundreds digit of 42478090?
0
What is the millions digit of 58018111?
8
What is the units digit of 104895038?
8
What is the ten millions digit of 16902173?
1
What is the units digit of 59079448?
8
What is the hundreds digit of 1633167155?
1
What is the ten thousands digit of 37818618?
1
What is the units digit of 49069248?
8
What is the ten millions digit of 2155984656?
5
What is the billions digit of 4770555425?
4
What is the ten thousands digit of 510711725?
1
What is the tens digit of 58987499?
9
What is the millions digit of 5437439?
5
What is the thousands digit of 2479451348?
1
What is the millions digit of 711268254?
1
What is the thousands digit of 73734607?
4
What is the thousands digit of 574862550?
2
What is the hundred thousands digit of 105125359?
1
What is the hundred millions digit of 2568328897?
5
What is the millions digit of 637048969?
7
What is the tens digit of 5439281032?
3
What is the ten thousands digit of 459882507?
8
What is the hundr